{"id":1138,"date":"2022-11-02T15:48:25","date_gmt":"2022-11-02T15:48:25","guid":{"rendered":"https:\/\/luetzschenaer-kuenstlerkreis.de\/?page_id=1138"},"modified":"2025-08-14T18:45:45","modified_gmt":"2025-08-14T18:45:45","slug":"andreas-h-birkigt","status":"publish","type":"page","link":"https:\/\/luetzschenaer-kuenstlerkreis.de\/?page_id=1138","title":{"rendered":"Andreas H Birkigt"},"content":{"rendered":"\n<figure class=\"wp-block-image size-large is-resized\"><img loading=\"lazy\" decoding=\"async\" width=\"791\" height=\"1024\" src=\"https:\/\/luetzschenaer-kuenstlerkreis.de\/wp-content\/uploads\/2022\/11\/0879-Birkigt-Selbstportraet-18.06.2022-Copyright-Andreas-H-Birkigt-3390-791x1024.jpg\" alt=\"\" class=\"wp-image-1141\" style=\"width:200px\" srcset=\"https:\/\/luetzschenaer-kuenstlerkreis.de\/wp-content\/uploads\/2022\/11\/0879-Birkigt-Selbstportraet-18.06.2022-Copyright-Andreas-H-Birkigt-3390-791x1024.jpg 791w, https:\/\/luetzschenaer-kuenstlerkreis.de\/wp-content\/uploads\/2022\/11\/0879-Birkigt-Selbstportraet-18.06.2022-Copyright-Andreas-H-Birkigt-3390-232x300.jpg 232w, https:\/\/luetzschenaer-kuenstlerkreis.de\/wp-content\/uploads\/2022\/11\/0879-Birkigt-Selbstportraet-18.06.2022-Copyright-Andreas-H-Birkigt-3390-768x994.jpg 768w, https:\/\/luetzschenaer-kuenstlerkreis.de\/wp-content\/uploads\/2022\/11\/0879-Birkigt-Selbstportraet-18.06.2022-Copyright-Andreas-H-Birkigt-3390-508x658.jpg 508w, https:\/\/luetzschenaer-kuenstlerkreis.de\/wp-content\/uploads\/2022\/11\/0879-Birkigt-Selbstportraet-18.06.2022-Copyright-Andreas-H-Birkigt-3390.jpg 1080w\" sizes=\"auto, (max-width: 791px) 100vw, 791px\" \/><\/figure>\n\n\n<p>Geboren 1949 in Leipzig<\/p>\n<p>1956 \u2013 1966 Polytechnische Oberschule,<br \/>f\u00fcr Abitur war Birkigt nicht systemkonform.<\/p>\n<p>1971 \u2013 1980 Fotofachverk\u00e4ufer<\/p>\n<p>ab 1980 Fotoassistent bei Helga Wallm\u00fcller Leipziger Theater,<br \/>mit schon eigenverantwortlichen Fotoprojekten.<\/p>\n<p>1986 \u2013 1988 Fotografenausbildung an der Gutenbergschule.<\/p>\n<p>ab 1988 Fotograf an den Leipziger Theatern<\/p>\n<p>ab 1990 Fotograf an der Oper Leipzig<\/p>\n<p>ab 1990 Leiter der Fotoabteilung der Oper Leipzig<\/p>\n<p>2012 aus der Oper Leipzig ausgeschieden,<br \/>seitdem freiberuflich t\u00e4tig.<\/p>\n<p>Unter anderem f\u00fcr die Yehudi Menuhin Gesellschaft e.V. Leipzig, Internationale S\u00e4ngerakademie Torgau, Richard Wagner Gesellschaft, Nikolaikirche Leipzig, Heimatverein L\u00fctzschena, Kantorei der Immanuel-Nazareth Kirche M\u00fcnchen und der Paul- Gerhard Kirche Leipzig, und andere mehr.<\/p>\n<p>Buchver\u00f6ffentlichungen: &#8222;Leipziger Ballett 10 Jahre Uwe Scholz&#8220;. Mitautor an zahlreichen anderen Ver\u00f6ffentlichungen z.B. &#8222;Man sieht was man h\u00f6rt, Udo Zimmermann \u00fcber Musik und Theater&#8220;, &#8222;John Dew inszeniert Mozart&#8220;.<br \/>Ausstellungen in der Oper Leipzig, Kunsthalle der Sparkasse, Caf\u00e9 Central, Eisenmoorbad Bad Schmiedeberg. Der Schwerpunkt der Ausstellungen lag meist bei Uwe Scholz Ballett.<\/p>\n<p>In der Reihe \u201eTop-Fotograf\u201c in der Herbstausgabe 1999 in den Leipziger Bl\u00e4ttern vorgestellt.<\/p>\n<p>Sein Hauptaugenmerk liegt auf der Rubrik &#8222;Menschenfotos&#8220;, was auch ein Buchprojekt werden soll.<\/p>\n<p>Gastaussteller im September 2022<\/p>\n<p>Mitglied im L\u00fctzschenaer K\u00fcnstlerkreis seit Oktober 2022<\/p>\n<p><strong>Kontakt<\/strong><br \/>Andreas H Birkigt<br \/>Hainstra\u00dfe 2 a, 04109 Leipzig<br \/>Tel. 0172\/7162803<br \/>www.birkigt-photographie.com<br \/>Mail: andreas_birkigt@kabelmail.de<\/p>","protected":false},"excerpt":{"rendered":"<p>Geboren 1949 in Leipzig 1956 \u2013 1966 Polytechnische Oberschule,f\u00fcr Abitur war Birkigt nicht systemkonform. 1971 \u2013 1980 Fotofachverk\u00e4ufer ab 1980 Fotoassistent bei Helga Wallm\u00fcller Leipziger Theater,mit schon eigenverantwortlichen Fotoprojekten. 1986 \u2013 1988 Fotografenausbildung an der Gutenbergschule. ab 1988 Fotograf an den Leipziger Theatern ab 1990 Fotograf an der Oper Leipzig ab 1990 Leiter der Fotoabteilung [&hellip;]<\/p>\n","protected":false},"author":1,"featured_media":0,"parent":0,"menu_order":0,"comment_status":"closed","ping_status":"closed","template":"","meta":{"footnotes":""},"class_list":["post-1138","page","type-page","status-publish","hentry"],"_links":{"self":[{"href":"https:\/\/luetzschenaer-kuenstlerkreis.de\/index.php?rest_route=\/wp\/v2\/pages\/1138","targetHints":{"allow":["GET"]}}],"collection":[{"href":"https:\/\/luetzschenaer-kuenstlerkreis.de\/index.php?rest_route=\/wp\/v2\/pages"}],"about":[{"href":"https:\/\/luetzschenaer-kuenstlerkreis.de\/index.php?rest_route=\/wp\/v2\/types\/page"}],"author":[{"embeddable":true,"href":"https:\/\/luetzschenaer-kuenstlerkreis.de\/index.php?rest_route=\/wp\/v2\/users\/1"}],"replies":[{"embeddable":true,"href":"https:\/\/luetzschenaer-kuenstlerkreis.de\/index.php?rest_route=%2Fwp%2Fv2%2Fcomments&post=1138"}],"version-history":[{"count":13,"href":"https:\/\/luetzschenaer-kuenstlerkreis.de\/index.php?rest_route=\/wp\/v2\/pages\/1138\/revisions"}],"predecessor-version":[{"id":1420,"href":"https:\/\/luetzschenaer-kuenstlerkreis.de\/index.php?rest_route=\/wp\/v2\/pages\/1138\/revisions\/1420"}],"wp:attachment":[{"href":"https:\/\/luetzschenaer-kuenstlerkreis.de\/index.php?rest_route=%2Fwp%2Fv2%2Fmedia&parent=1138"}],"curies":[{"name":"wp","href":"https:\/\/api.w.org\/{rel}","templated":true}]}}

<figure class="wp-block-image size-large is-resized"><img loading="lazy" decoding="async" width="791" height="1024" src="https://luetzschenaer-kuenstlerkreis.de/wp-content/uploads/2022/11/0879-Birkigt-Selbstportraet-18.06.2022-Copyright-Andreas-H-Birkigt-3390-791x1024.jpg" alt="" class="wp-image-1141" style="width:200px" srcset="https://luetzschenaer-kuenstlerkreis.de/wp-content/uploads/2022/11/0879-Birkigt-Selbstportraet-18.06.2022-Copyright-Andreas-H-Birkigt-3390-791x1024.jpg 791w, https://luetzschenaer-kuenstlerkreis.de/wp-content/uploads/2022/11/0879-Birkigt-Selbstportraet-18.06.2022-Copyright-Andreas-H-Birkigt-3390-232x300.jpg 232w, https://luetzschenaer-kuenstlerkreis.de/wp-content/uploads/2022/11/0879-Birkigt-Selbstportraet-18.06.2022-Copyright-Andreas-H-Birkigt-3390-768x994.jpg 768w, https://luetzschenaer-kuenstlerkreis.de/wp-content/uploads/2022/11/0879-Birkigt-Selbstportraet-18.06.2022-Copyright-Andreas-H-Birkigt-3390-508x658.jpg 508w, https://luetzschenaer-kuenstlerkreis.de/wp-content/uploads/2022/11/0879-Birkigt-Selbstportraet-18.06.2022-Copyright-Andreas-H-Birkigt-3390.jpg 1080w" sizes="auto, (max-width: 791px) 100vw, 791px" /></figure>


<p>Geboren 1949 in Leipzig</p>
<p>1956 – 1966 Polytechnische Oberschule,<br />für Abitur war Birkigt nicht systemkonform.</p>
<p>1971 – 1980 Fotofachverkäufer</p>
<p>ab 1980 Fotoassistent bei Helga Wallmüller Leipziger Theater,<br />mit schon eigenverantwortlichen Fotoprojekten.</p>
<p>1986 – 1988 Fotografenausbildung an der Gutenbergschule.</p>
<p>ab 1988 Fotograf an den Leipziger Theatern</p>
<p>ab 1990 Fotograf an der Oper Leipzig</p>
<p>ab 1990 Leiter der Fotoabteilung der Oper Leipzig</p>
<p>2012 aus der Oper Leipzig ausgeschieden,<br />seitdem freiberuflich tätig.</p>
<p>Unter anderem für die Yehudi Menuhin Gesellschaft e.V. Leipzig, Internationale Sängerakademie Torgau, Richard Wagner Gesellschaft, Nikolaikirche Leipzig, Heimatverein Lützschena, Kantorei der Immanuel-Nazareth Kirche München und der Paul- Gerhard Kirche Leipzig, und andere mehr.</p>
<p>Buchveröffentlichungen: &#8222;Leipziger Ballett 10 Jahre Uwe Scholz&#8220;. Mitautor an zahlreichen anderen Veröffentlichungen z.B. &#8222;Man sieht was man hört, Udo Zimmermann über Musik und Theater&#8220;, &#8222;John Dew inszeniert Mozart&#8220;.<br />Ausstellungen in der Oper Leipzig, Kunsthalle der Sparkasse, Café Central, Eisenmoorbad Bad Schmiedeberg. Der Schwerpunkt der Ausstellungen lag meist bei Uwe Scholz Ballett.</p>
<p>In der Reihe „Top-Fotograf“ in der Herbstausgabe 1999 in den Leipziger Blättern vorgestellt.</p>
<p>Sein Hauptaugenmerk liegt auf der Rubrik &#8222;Menschenfotos&#8220;, was auch ein Buchprojekt werden soll.</p>
<p>Gastaussteller im September 2022</p>
<p>Mitglied im Lützschenaer Künstlerkreis seit Oktober 2022</p>
<p><strong>Kontakt</strong><br />Andreas H Birkigt<br />Hainstraße 2 a, 04109 Leipzig<br />Tel. 0172/7162803<br />www.birkigt-photographie.com<br />Mail: andreas_birkigt@kabelmail.de</p>

<p>Geboren 1949 in Leipzig 1956 – 1966 Polytechnische Oberschule,für Abitur war Birkigt nicht systemkonform. 1971 – 1980 Fotofachverkäufer ab 1980 Fotoassistent bei Helga Wallmüller Leipziger Theater,mit schon eigenverantwortlichen Fotoprojekten. 1986 – 1988 Fotografenausbildung an der Gutenbergschule. ab 1988 Fotograf an den Leipziger Theatern ab 1990 Fotograf an der Oper Leipzig ab 1990 Leiter der Fotoabteilung [&hellip;]</p>
