{"id":1376,"date":"2025-07-16T09:26:40","date_gmt":"2025-07-16T09:26:40","guid":{"rendered":"https:\/\/luetzschenaer-kuenstlerkreis.de\/?page_id=1376"},"modified":"2025-08-14T18:51:07","modified_gmt":"2025-08-14T18:51:07","slug":"sabine-gerner","status":"publish","type":"page","link":"https:\/\/luetzschenaer-kuenstlerkreis.de\/?page_id=1376","title":{"rendered":"Sabine Gerner"},"content":{"rendered":"\n<figure class=\"wp-block-image size-large is-resized\"><img loading=\"lazy\" decoding=\"async\" width=\"771\" height=\"1024\" src=\"https:\/\/luetzschenaer-kuenstlerkreis.de\/wp-content\/uploads\/2025\/07\/Sabine_Gerner_Portraet-771x1024.jpg\" alt=\"\" class=\"wp-image-1384\" style=\"width:200px\" srcset=\"https:\/\/luetzschenaer-kuenstlerkreis.de\/wp-content\/uploads\/2025\/07\/Sabine_Gerner_Portraet-771x1024.jpg 771w, https:\/\/luetzschenaer-kuenstlerkreis.de\/wp-content\/uploads\/2025\/07\/Sabine_Gerner_Portraet-226x300.jpg 226w, https:\/\/luetzschenaer-kuenstlerkreis.de\/wp-content\/uploads\/2025\/07\/Sabine_Gerner_Portraet-768x1020.jpg 768w, https:\/\/luetzschenaer-kuenstlerkreis.de\/wp-content\/uploads\/2025\/07\/Sabine_Gerner_Portraet-1156x1536.jpg 1156w, https:\/\/luetzschenaer-kuenstlerkreis.de\/wp-content\/uploads\/2025\/07\/Sabine_Gerner_Portraet-508x675.jpg 508w, https:\/\/luetzschenaer-kuenstlerkreis.de\/wp-content\/uploads\/2025\/07\/Sabine_Gerner_Portraet.jpg 1176w\" sizes=\"auto, (max-width: 771px) 100vw, 771px\" \/><\/figure>\n\n\n\n<p>Geboren am 15. M\u00e4rz 1949 in Chemnitz<\/p>\n\n\n\n<p>Schon als Kind waren meine k\u00fcnstlerischen Ambitionen autodidaktisch.<br>Ich habe einfach, ohne Vorkenntnisse, mit \u00d6lfarben oder auch mit Kohle- oder R\u00f6telstiften nach einem inneren &#8222;Wegweiser&#8220; gemalt.<br>Leider haben meine Eltern, auf Grund der damaligen historischen Umst\u00e4nde, diese Leidenschaft nicht so ernst nehmen k\u00f6nnen. Ich musste mir einen Beruf suchen, wo man ein relativ gesichertes Einkommen erzielen konnte.<\/p>\n\n\n\n<p>Mein Lebensweg ging also in eine v\u00f6llig andere Richtung!<\/p>\n\n\n\n<p>Zuerst haben ich Schneiderin gelernt, dann bin ich nach Leipzig gegangen, habe meinen Mann kennengelernt;<br>durch ihn, der Lehrausbilder f\u00fcr Kellner war, bin ich sp\u00e4ter in die Gastronomie gekommen.<\/p>\n\n\n\n<p>Seit 1985, mit kurzen Unterbrechungen, war ich dann selbst\u00e4ndig.<\/p>\n\n\n\n<p>Es blieb f\u00fcr meine Kunst kaum noch Zeit \u00fcbrig.<\/p>\n\n\n\n<p>Erst nachdem ich mein letztes Gesch\u00e4ft 2017 abgegeben hatte, und &#8222;vogelfrei&#8220; war, kam so nach und nach meine Liebe zur Malerei wieder zur\u00fcck!<\/p>\n\n\n\n<p>Seitdem bin ich regelrecht besessen vom Malen und Experimentieren mit Materialien, Stilen und Motiven.<br>Es vergeht kaum ein Tag, an dem ich nicht male und ausprobiere.<br>Ich glaube, diese Leidenschaft kommt auch von meinem gro\u00dfen Nachholebedarf.<\/p>\n\n\n\n<p>Anregungen hole ich mir gern von anderen K\u00fcnstlern und aus dem allt\u00e4glichen Leben der Natur.<br><\/p>\n\n\n\n<p>&#8211; Gastausstellerin im September 2023<br>&#8211; Mitglied im L\u00fctzschenaer K\u00fcnstlerkreis seit 2024<\/p>\n\n\n\n<p><\/p>\n\n\n\n<p><strong>Kontakt<\/strong><br>Tel. 0177 3060221<br> Mail: sabinegerner22@gmail.com<br>Instagram: color.art.design.leipzig<\/p>\n\n\n\n<p><\/p>\n","protected":false},"excerpt":{"rendered":"<p>Geboren am 15. M\u00e4rz 1949 in Chemnitz Schon als Kind waren meine k\u00fcnstlerischen Ambitionen autodidaktisch.Ich habe einfach, ohne Vorkenntnisse, mit \u00d6lfarben oder auch mit Kohle- oder R\u00f6telstiften nach einem inneren &#8222;Wegweiser&#8220; gemalt.Leider haben meine Eltern, auf Grund der damaligen historischen Umst\u00e4nde, diese Leidenschaft nicht so ernst nehmen k\u00f6nnen. Ich musste mir einen Beruf suchen, wo [&hellip;]<\/p>\n","protected":false},"author":1,"featured_media":0,"parent":0,"menu_order":0,"comment_status":"closed","ping_status":"closed","template":"","meta":{"footnotes":""},"class_list":["post-1376","page","type-page","status-publish","hentry"],"_links":{"self":[{"href":"https:\/\/luetzschenaer-kuenstlerkreis.de\/index.php?rest_route=\/wp\/v2\/pages\/1376","targetHints":{"allow":["GET"]}}],"collection":[{"href":"https:\/\/luetzschenaer-kuenstlerkreis.de\/index.php?rest_route=\/wp\/v2\/pages"}],"about":[{"href":"https:\/\/luetzschenaer-kuenstlerkreis.de\/index.php?rest_route=\/wp\/v2\/types\/page"}],"author":[{"embeddable":true,"href":"https:\/\/luetzschenaer-kuenstlerkreis.de\/index.php?rest_route=\/wp\/v2\/users\/1"}],"replies":[{"embeddable":true,"href":"https:\/\/luetzschenaer-kuenstlerkreis.de\/index.php?rest_route=%2Fwp%2Fv2%2Fcomments&post=1376"}],"version-history":[{"count":8,"href":"https:\/\/luetzschenaer-kuenstlerkreis.de\/index.php?rest_route=\/wp\/v2\/pages\/1376\/revisions"}],"predecessor-version":[{"id":1421,"href":"https:\/\/luetzschenaer-kuenstlerkreis.de\/index.php?rest_route=\/wp\/v2\/pages\/1376\/revisions\/1421"}],"wp:attachment":[{"href":"https:\/\/luetzschenaer-kuenstlerkreis.de\/index.php?rest_route=%2Fwp%2Fv2%2Fmedia&parent=1376"}],"curies":[{"name":"wp","href":"https:\/\/api.w.org\/{rel}","templated":true}]}}

<figure class="wp-block-image size-large is-resized"><img loading="lazy" decoding="async" width="771" height="1024" src="https://luetzschenaer-kuenstlerkreis.de/wp-content/uploads/2025/07/Sabine_Gerner_Portraet-771x1024.jpg" alt="" class="wp-image-1384" style="width:200px" srcset="https://luetzschenaer-kuenstlerkreis.de/wp-content/uploads/2025/07/Sabine_Gerner_Portraet-771x1024.jpg 771w, https://luetzschenaer-kuenstlerkreis.de/wp-content/uploads/2025/07/Sabine_Gerner_Portraet-226x300.jpg 226w, https://luetzschenaer-kuenstlerkreis.de/wp-content/uploads/2025/07/Sabine_Gerner_Portraet-768x1020.jpg 768w, https://luetzschenaer-kuenstlerkreis.de/wp-content/uploads/2025/07/Sabine_Gerner_Portraet-1156x1536.jpg 1156w, https://luetzschenaer-kuenstlerkreis.de/wp-content/uploads/2025/07/Sabine_Gerner_Portraet-508x675.jpg 508w, https://luetzschenaer-kuenstlerkreis.de/wp-content/uploads/2025/07/Sabine_Gerner_Portraet.jpg 1176w" sizes="auto, (max-width: 771px) 100vw, 771px" /></figure>



<p>Geboren am 15. März 1949 in Chemnitz</p>



<p>Schon als Kind waren meine künstlerischen Ambitionen autodidaktisch.<br>Ich habe einfach, ohne Vorkenntnisse, mit Ölfarben oder auch mit Kohle- oder Rötelstiften nach einem inneren &#8222;Wegweiser&#8220; gemalt.<br>Leider haben meine Eltern, auf Grund der damaligen historischen Umstände, diese Leidenschaft nicht so ernst nehmen können. Ich musste mir einen Beruf suchen, wo man ein relativ gesichertes Einkommen erzielen konnte.</p>



<p>Mein Lebensweg ging also in eine völlig andere Richtung!</p>



<p>Zuerst haben ich Schneiderin gelernt, dann bin ich nach Leipzig gegangen, habe meinen Mann kennengelernt;<br>durch ihn, der Lehrausbilder für Kellner war, bin ich später in die Gastronomie gekommen.</p>



<p>Seit 1985, mit kurzen Unterbrechungen, war ich dann selbständig.</p>



<p>Es blieb für meine Kunst kaum noch Zeit übrig.</p>



<p>Erst nachdem ich mein letztes Geschäft 2017 abgegeben hatte, und &#8222;vogelfrei&#8220; war, kam so nach und nach meine Liebe zur Malerei wieder zurück!</p>



<p>Seitdem bin ich regelrecht besessen vom Malen und Experimentieren mit Materialien, Stilen und Motiven.<br>Es vergeht kaum ein Tag, an dem ich nicht male und ausprobiere.<br>Ich glaube, diese Leidenschaft kommt auch von meinem großen Nachholebedarf.</p>



<p>Anregungen hole ich mir gern von anderen Künstlern und aus dem alltäglichen Leben der Natur.<br></p>



<p>&#8211; Gastausstellerin im September 2023<br>&#8211; Mitglied im Lützschenaer Künstlerkreis seit 2024</p>



<p></p>



<p><strong>Kontakt</strong><br>Tel. 0177 3060221<br> Mail: sabinegerner22@gmail.com<br>Instagram: color.art.design.leipzig</p>



<p></p>

<p>Geboren am 15. März 1949 in Chemnitz Schon als Kind waren meine künstlerischen Ambitionen autodidaktisch.Ich habe einfach, ohne Vorkenntnisse, mit Ölfarben oder auch mit Kohle- oder Rötelstiften nach einem inneren &#8222;Wegweiser&#8220; gemalt.Leider haben meine Eltern, auf Grund der damaligen historischen Umstände, diese Leidenschaft nicht so ernst nehmen können. Ich musste mir einen Beruf suchen, wo [&hellip;]</p>
