{"id":1457,"date":"2025-12-04T17:39:18","date_gmt":"2025-12-04T17:39:18","guid":{"rendered":"https:\/\/luetzschenaer-kuenstlerkreis.de\/?page_id=1457"},"modified":"2025-12-04T17:39:18","modified_gmt":"2025-12-04T17:39:18","slug":"martina-dauter","status":"publish","type":"page","link":"https:\/\/luetzschenaer-kuenstlerkreis.de\/?page_id=1457","title":{"rendered":"Martina Dauter"},"content":{"rendered":"\n<figure class=\"wp-block-image size-full is-resized\"><img loading=\"lazy\" decoding=\"async\" width=\"293\" height=\"320\" src=\"https:\/\/luetzschenaer-kuenstlerkreis.de\/wp-content\/uploads\/2025\/12\/Portraet-Martina-Dauter.jpg\" alt=\"\" class=\"wp-image-1459\" style=\"width:200px\" srcset=\"https:\/\/luetzschenaer-kuenstlerkreis.de\/wp-content\/uploads\/2025\/12\/Portraet-Martina-Dauter.jpg 293w, https:\/\/luetzschenaer-kuenstlerkreis.de\/wp-content\/uploads\/2025\/12\/Portraet-Martina-Dauter-275x300.jpg 275w\" sizes=\"auto, (max-width: 293px) 100vw, 293px\" \/><\/figure>\n\n\n\n<p>Martina Dauter, geb. in Thum.<br>Studium der Wirtschaftswissenschaften.<br>Berufliche T\u00e4tigkeit im Gesundheitswesen.<br>Seit 20 Jahren intensive Besch\u00e4ftigung mit der Malerei.<br>Malreisen u.a. nach Venedig, Mallorca, Malcesine und Worpswede.<\/p>\n\n\n\n<p>Haupts\u00e4chlich Arbeiten mit Acryl, Bildkomposition und Abstraktion, expressive Portr\u00e4tmalerei,<br>Malen in der freien Natur.<\/p>\n\n\n\n<p>Ist seit 2025 Mitglied im L\u00fctzschenaer K\u00fcnstlerkreis.<\/p>\n\n\n\n<p>Lebt in Leipzig Stahmeln.<\/p>\n\n\n\n<p><strong>Kontakt<\/strong><br><\/p>\n","protected":false},"excerpt":{"rendered":"<p>Martina Dauter, geb. in Thum.Studium der Wirtschaftswissenschaften.Berufliche T\u00e4tigkeit im Gesundheitswesen.Seit 20 Jahren intensive Besch\u00e4ftigung mit der Malerei.Malreisen u.a. nach Venedig, Mallorca, Malcesine und Worpswede. Haupts\u00e4chlich Arbeiten mit Acryl, Bildkomposition und Abstraktion, expressive Portr\u00e4tmalerei,Malen in der freien Natur. Ist seit 2025 Mitglied im L\u00fctzschenaer K\u00fcnstlerkreis. Lebt in Leipzig Stahmeln. Kontakt<\/p>\n","protected":false},"author":1,"featured_media":0,"parent":0,"menu_order":0,"comment_status":"closed","ping_status":"closed","template":"","meta":{"footnotes":""},"class_list":["post-1457","page","type-page","status-publish","hentry"],"_links":{"self":[{"href":"https:\/\/luetzschenaer-kuenstlerkreis.de\/index.php?rest_route=\/wp\/v2\/pages\/1457","targetHints":{"allow":["GET"]}}],"collection":[{"href":"https:\/\/luetzschenaer-kuenstlerkreis.de\/index.php?rest_route=\/wp\/v2\/pages"}],"about":[{"href":"https:\/\/luetzschenaer-kuenstlerkreis.de\/index.php?rest_route=\/wp\/v2\/types\/page"}],"author":[{"embeddable":true,"href":"https:\/\/luetzschenaer-kuenstlerkreis.de\/index.php?rest_route=\/wp\/v2\/users\/1"}],"replies":[{"embeddable":true,"href":"https:\/\/luetzschenaer-kuenstlerkreis.de\/index.php?rest_route=%2Fwp%2Fv2%2Fcomments&post=1457"}],"version-history":[{"count":1,"href":"https:\/\/luetzschenaer-kuenstlerkreis.de\/index.php?rest_route=\/wp\/v2\/pages\/1457\/revisions"}],"predecessor-version":[{"id":1460,"href":"https:\/\/luetzschenaer-kuenstlerkreis.de\/index.php?rest_route=\/wp\/v2\/pages\/1457\/revisions\/1460"}],"wp:attachment":[{"href":"https:\/\/luetzschenaer-kuenstlerkreis.de\/index.php?rest_route=%2Fwp%2Fv2%2Fmedia&parent=1457"}],"curies":[{"name":"wp","href":"https:\/\/api.w.org\/{rel}","templated":true}]}}

<figure class="wp-block-image size-full is-resized"><img loading="lazy" decoding="async" width="293" height="320" src="https://luetzschenaer-kuenstlerkreis.de/wp-content/uploads/2025/12/Portraet-Martina-Dauter.jpg" alt="" class="wp-image-1459" style="width:200px" srcset="https://luetzschenaer-kuenstlerkreis.de/wp-content/uploads/2025/12/Portraet-Martina-Dauter.jpg 293w, https://luetzschenaer-kuenstlerkreis.de/wp-content/uploads/2025/12/Portraet-Martina-Dauter-275x300.jpg 275w" sizes="auto, (max-width: 293px) 100vw, 293px" /></figure>



<p>Martina Dauter, geb. in Thum.<br>Studium der Wirtschaftswissenschaften.<br>Berufliche Tätigkeit im Gesundheitswesen.<br>Seit 20 Jahren intensive Beschäftigung mit der Malerei.<br>Malreisen u.a. nach Venedig, Mallorca, Malcesine und Worpswede.</p>



<p>Hauptsächlich Arbeiten mit Acryl, Bildkomposition und Abstraktion, expressive Porträtmalerei,<br>Malen in der freien Natur.</p>



<p>Ist seit 2025 Mitglied im Lützschenaer Künstlerkreis.</p>



<p>Lebt in Leipzig Stahmeln.</p>



<p><strong>Kontakt</strong><br></p>

<p>Martina Dauter, geb. in Thum.Studium der Wirtschaftswissenschaften.Berufliche Tätigkeit im Gesundheitswesen.Seit 20 Jahren intensive Beschäftigung mit der Malerei.Malreisen u.a. nach Venedig, Mallorca, Malcesine und Worpswede. Hauptsächlich Arbeiten mit Acryl, Bildkomposition und Abstraktion, expressive Porträtmalerei,Malen in der freien Natur. Ist seit 2025 Mitglied im Lützschenaer Künstlerkreis. Lebt in Leipzig Stahmeln. Kontakt</p>
