{"id":391,"date":"2020-02-17T17:08:28","date_gmt":"2020-02-17T17:08:28","guid":{"rendered":"http:\/\/luetzschenaer-kuenstlerkreis.de\/?page_id=391"},"modified":"2025-08-15T16:40:21","modified_gmt":"2025-08-15T16:40:21","slug":"guenter-meinl","status":"publish","type":"page","link":"https:\/\/luetzschenaer-kuenstlerkreis.de\/?page_id=391","title":{"rendered":"G\u00fcnter Meinl"},"content":{"rendered":"\n<figure class=\"wp-block-image size-large is-resized\"><img loading=\"lazy\" decoding=\"async\" width=\"509\" height=\"691\" src=\"https:\/\/luetzschenaer-kuenstlerkreis.de\/wp-content\/uploads\/2019\/03\/Meinl_Guenther_sw.gif\" alt=\"\" class=\"wp-image-147\" style=\"width:200px\"\/><\/figure>\n\n\n<p>1952 \u00a0 \u00a0 \u00a0 \u00a0\u00a0 in Teplitz &#8211; Sch\u00f6nau (B\u00f6hmen) geboren<br \/>1959 \u00a0 \u00a0 \u00a0 \u00a0\u00a0 Lehre als Buchdrucker<br \/>1967-70\u00a0 \u00a0 Ausbildung zum Buchdruckermeister<br \/>1970-74\u00a0 \u00a0 Ausbildung in Typografie und Buchgestaltung\u00a0 bei Prof. Kapr<br \/>1974-94\u00a0 \u00a0 t\u00e4tig als Verlagshersteller, Druckereileiter und Journalist<br \/>seit 1995\u00a0 \u00a0Lehrt\u00e4tigkeit an versch, Bildungseinrichtungen (u.a. Universit\u00e4t Hannover)<br \/>als freiberuflicher Dozent f\u00fcr Typografie, Druck- und Verarbeitungstechnologien <br \/>und Fachmathematik.<\/p>\n<p>Lebenslang hat G\u00fcnter Meinl in seiner wechselvollen beruflichen T\u00e4tigkeit unter Voraussetzungen gearbeitet, die von festen Regeln bestimmt wurden. Als Typograf musste er die richtige Wahl des Gestaltungsmittels treffen, als Zeitungsmacher das treffende Wort, als Lehrer die richtige Ansprache f\u00fcr seine Sch\u00fcler. Das hat er im Laufe seines Lebens immer versucht und manchen getroffen, der dabei, je \u00e4lter und erfahrener er wurde, immer tiefer in den eingefahrenen Gleisen stecken blieb.<br \/>Seine Erfahrungen waren jedoch stets getragen vom Wissen um das Entstehen im Gedanklichen und in der Tat, um den Bestand und die Aufl\u00f6sung: Ordnung und Chaos.<br \/>Das hervorstechendste Merkmal seines malerischen Schaffens ist das Experiment. Thema und Ausdruck f\u00fchren dann zwangsl\u00e4ufig in eine Wechselbeziehung, die als konstantes Spannungsverh\u00e4ltnis in den Bildern wiederkehrt. Die Wirkung entsteht durch das Prinzip Chaos und birgt somit immer neue \u00dcberraschungen. Der Bildaufbau als formales und dynamisches Gestaltungselement bildet den fassbaren Gegenpol &#8211; das Prinzip Ordnung. Dabei bleibt kein Mittel unversucht: Farbg\u00fcsse, Kratz-, Riss- und Schnitttechniken, alles hat Platz in dieser dramatischen Zelebrierung des Gestaltungsvorgangs.<\/p>\n<p><strong>Ausstellungen<\/strong><br \/>1996 \u00a0 \u00a0 \u00a0 \u00a0 \u00a0\u00a0 Media &#8211; Akademie\/Leipzig<br \/>2000 \u00a0 \u00a0 \u00a0 \u00a0 \u00a0 Universit\u00e4t Hannover<br \/>2003 \u00a0 \u00a0 \u00a0 \u00a0 \u00a0 Bildungsakademie Dresden<br \/>seit 2003\u00a0 \u00a0alle Ausstellungen des \u201eL\u00fctzschenaer K\u00fcnstlerkreis\u201d<br \/>2016\u00a0 \u00a0 \u00a0 \u00a0 \u00a0 \u00a0Klosterkirche Grimma<\/p>\n<p>Eine Auswahl der Bilder von G\u00fcnter Meinl wird bei finared \u2013 FineArtEdition sowie bei Kunst.ist! als Malerei und als Photodruck auf Aludibond unter Acrylglas zum Kauf angeboten.<\/p>\n<p><strong>Kontakt<\/strong><br \/>G\u00fcnter Meinl<br \/>Zum Auwald 20, 04159 Leipzig<br \/>Tel. 0341\/4616974<br \/>Fax 0341\/4622983<br \/>Mail: guenter.meinl@web.de<\/p>\n\n\n<p><\/p>\n","protected":false},"excerpt":{"rendered":"<p>1952 \u00a0 \u00a0 \u00a0 \u00a0\u00a0 in Teplitz &#8211; Sch\u00f6nau (B\u00f6hmen) geboren1959 \u00a0 \u00a0 \u00a0 \u00a0\u00a0 Lehre als Buchdrucker1967-70\u00a0 \u00a0 Ausbildung zum Buchdruckermeister1970-74\u00a0 \u00a0 Ausbildung in Typografie und Buchgestaltung\u00a0 bei Prof. Kapr1974-94\u00a0 \u00a0 t\u00e4tig als Verlagshersteller, Druckereileiter und Journalistseit 1995\u00a0 \u00a0Lehrt\u00e4tigkeit an versch, Bildungseinrichtungen (u.a. Universit\u00e4t Hannover)als freiberuflicher Dozent f\u00fcr Typografie, Druck- und Verarbeitungstechnologien und Fachmathematik. [&hellip;]<\/p>\n","protected":false},"author":1,"featured_media":0,"parent":0,"menu_order":0,"comment_status":"closed","ping_status":"closed","template":"","meta":{"footnotes":""},"class_list":["post-391","page","type-page","status-publish","hentry"],"_links":{"self":[{"href":"https:\/\/luetzschenaer-kuenstlerkreis.de\/index.php?rest_route=\/wp\/v2\/pages\/391","targetHints":{"allow":["GET"]}}],"collection":[{"href":"https:\/\/luetzschenaer-kuenstlerkreis.de\/index.php?rest_route=\/wp\/v2\/pages"}],"about":[{"href":"https:\/\/luetzschenaer-kuenstlerkreis.de\/index.php?rest_route=\/wp\/v2\/types\/page"}],"author":[{"embeddable":true,"href":"https:\/\/luetzschenaer-kuenstlerkreis.de\/index.php?rest_route=\/wp\/v2\/users\/1"}],"replies":[{"embeddable":true,"href":"https:\/\/luetzschenaer-kuenstlerkreis.de\/index.php?rest_route=%2Fwp%2Fv2%2Fcomments&post=391"}],"version-history":[{"count":3,"href":"https:\/\/luetzschenaer-kuenstlerkreis.de\/index.php?rest_route=\/wp\/v2\/pages\/391\/revisions"}],"predecessor-version":[{"id":1429,"href":"https:\/\/luetzschenaer-kuenstlerkreis.de\/index.php?rest_route=\/wp\/v2\/pages\/391\/revisions\/1429"}],"wp:attachment":[{"href":"https:\/\/luetzschenaer-kuenstlerkreis.de\/index.php?rest_route=%2Fwp%2Fv2%2Fmedia&parent=391"}],"curies":[{"name":"wp","href":"https:\/\/api.w.org\/{rel}","templated":true}]}}

Günter Meinl

<figure class="wp-block-image size-large is-resized"><img loading="lazy" decoding="async" width="509" height="691" src="https://luetzschenaer-kuenstlerkreis.de/wp-content/uploads/2019/03/Meinl_Guenther_sw.gif" alt="" class="wp-image-147" style="width:200px"/></figure>


<p>1952          in Teplitz &#8211; Schönau (Böhmen) geboren<br />1959          Lehre als Buchdrucker<br />1967-70    Ausbildung zum Buchdruckermeister<br />1970-74    Ausbildung in Typografie und Buchgestaltung  bei Prof. Kapr<br />1974-94    tätig als Verlagshersteller, Druckereileiter und Journalist<br />seit 1995   Lehrtätigkeit an versch, Bildungseinrichtungen (u.a. Universität Hannover)<br />als freiberuflicher Dozent für Typografie, Druck- und Verarbeitungstechnologien <br />und Fachmathematik.</p>
<p>Lebenslang hat Günter Meinl in seiner wechselvollen beruflichen Tätigkeit unter Voraussetzungen gearbeitet, die von festen Regeln bestimmt wurden. Als Typograf musste er die richtige Wahl des Gestaltungsmittels treffen, als Zeitungsmacher das treffende Wort, als Lehrer die richtige Ansprache für seine Schüler. Das hat er im Laufe seines Lebens immer versucht und manchen getroffen, der dabei, je älter und erfahrener er wurde, immer tiefer in den eingefahrenen Gleisen stecken blieb.<br />Seine Erfahrungen waren jedoch stets getragen vom Wissen um das Entstehen im Gedanklichen und in der Tat, um den Bestand und die Auflösung: Ordnung und Chaos.<br />Das hervorstechendste Merkmal seines malerischen Schaffens ist das Experiment. Thema und Ausdruck führen dann zwangsläufig in eine Wechselbeziehung, die als konstantes Spannungsverhältnis in den Bildern wiederkehrt. Die Wirkung entsteht durch das Prinzip Chaos und birgt somit immer neue Überraschungen. Der Bildaufbau als formales und dynamisches Gestaltungselement bildet den fassbaren Gegenpol &#8211; das Prinzip Ordnung. Dabei bleibt kein Mittel unversucht: Farbgüsse, Kratz-, Riss- und Schnitttechniken, alles hat Platz in dieser dramatischen Zelebrierung des Gestaltungsvorgangs.</p>
<p><strong>Ausstellungen</strong><br />1996            Media &#8211; Akademie/Leipzig<br />2000           Universität Hannover<br />2003           Bildungsakademie Dresden<br />seit 2003   alle Ausstellungen des „Lützschenaer Künstlerkreis”<br />2016           Klosterkirche Grimma</p>
<p>Eine Auswahl der Bilder von Günter Meinl wird bei finared – FineArtEdition sowie bei Kunst.ist! als Malerei und als Photodruck auf Aludibond unter Acrylglas zum Kauf angeboten.</p>
<p><strong>Kontakt</strong><br />Günter Meinl<br />Zum Auwald 20, 04159 Leipzig<br />Tel. 0341/4616974<br />Fax 0341/4622983<br />Mail: guenter.meinl@web.de</p>


<p></p>

<p>1952          in Teplitz &#8211; Schönau (Böhmen) geboren1959          Lehre als Buchdrucker1967-70    Ausbildung zum Buchdruckermeister1970-74    Ausbildung in Typografie und Buchgestaltung  bei Prof. Kapr1974-94    tätig als Verlagshersteller, Druckereileiter und Journalistseit 1995   Lehrtätigkeit an versch, Bildungseinrichtungen (u.a. Universität Hannover)als freiberuflicher Dozent für Typografie, Druck- und Verarbeitungstechnologien und Fachmathematik. [&hellip;]</p>
