{"id":420,"date":"2020-02-17T17:51:24","date_gmt":"2020-02-17T17:51:24","guid":{"rendered":"http:\/\/luetzschenaer-kuenstlerkreis.de\/?page_id=420"},"modified":"2024-08-28T12:36:05","modified_gmt":"2024-08-28T12:36:05","slug":"uwe-moosdorf","status":"publish","type":"page","link":"https:\/\/luetzschenaer-kuenstlerkreis.de\/?page_id=420","title":{"rendered":"Uwe Moosdorf"},"content":{"rendered":"\n<figure class=\"wp-block-image size-large is-resized\"><img loading=\"lazy\" decoding=\"async\" width=\"768\" height=\"1024\" src=\"https:\/\/luetzschenaer-kuenstlerkreis.de\/wp-content\/uploads\/2024\/05\/P1030343-768x1024.jpg\" alt=\"\" class=\"wp-image-1220\" style=\"width:200px\" srcset=\"https:\/\/luetzschenaer-kuenstlerkreis.de\/wp-content\/uploads\/2024\/05\/P1030343-768x1024.jpg 768w, https:\/\/luetzschenaer-kuenstlerkreis.de\/wp-content\/uploads\/2024\/05\/P1030343-225x300.jpg 225w, https:\/\/luetzschenaer-kuenstlerkreis.de\/wp-content\/uploads\/2024\/05\/P1030343-1152x1536.jpg 1152w, https:\/\/luetzschenaer-kuenstlerkreis.de\/wp-content\/uploads\/2024\/05\/P1030343-1536x2048.jpg 1536w, https:\/\/luetzschenaer-kuenstlerkreis.de\/wp-content\/uploads\/2024\/05\/P1030343-1240x1653.jpg 1240w, https:\/\/luetzschenaer-kuenstlerkreis.de\/wp-content\/uploads\/2024\/05\/P1030343-508x677.jpg 508w, https:\/\/luetzschenaer-kuenstlerkreis.de\/wp-content\/uploads\/2024\/05\/P1030343-scaled.jpg 1920w\" sizes=\"auto, (max-width: 768px) 100vw, 768px\" \/><\/figure>\n\n\n<p>1953\u00a0 \u00a0 \u00a0 \u00a0 \u00a0 \u00a0 \u00a0 in Leipzig-L\u00fctzschena geboren.<br \/>1972\u00a0 \u00a0 \u00a0 \u00a0 \u00a0 \u00a0 \u00a0 Abitur.<br \/>1974-1976\u00a0 \u00a0 Lehre als Drucker.<br \/>1982-1986\u00a0 \u00a0Studium mit Abschluss als Dipl.-Ing.-\u00d6k.<br \/>Von 1974-2018 in der Wirtschaft t\u00e4tig.<\/p>\n<p>Als eingefleischter Autodidakt waren meine k\u00fcnstlerischen Ambitionen schon im Kindesalter ausgepr\u00e4gt.<\/p>\n<p>Ich malte lange G\u00fcterz\u00fcge und Autos und begann in der Schule, meine Klassenkameraden zu karikieren. Meine ersten Ver\u00f6ffentlichungen hatte ich 1975 in der Zeitschrift \u201cVolksarmee\u201d. Sp\u00e4ter kamen zahlreiche Ver\u00f6ffentlichungen in der \u201cF\u00fcr Dich\u201d und im \u201cEulenspiegel\u201d dazu. Weiterhin steuerte ich meine Arbeiten zahlreichen Buchprojekten und Kalendern bei.<\/p>\n<p>Seit Anfang der 1980-er Jahre Teilnahme an nationalen und internationalen Cartoonwettbewerben. 1984 Mitwirkung an der \u201c1. Zentralen Karikaturausstellung des bildnerischen Volksschaffens der DDR\u201d in Greiz.<\/p>\n<p>Regelm\u00e4\u00dfige Beteiligung am Internationalen Cartoonfestival im belgischen Knokke-Heist und Gewinn von drei Preisen, so des Publikumspreises 1993.\u00a0<\/p>\n<p>Einzelausstellungen unter anderem im Academixer-Keller und in der Moritzbastei in Leipzig, in der Art Kapella Schkeuditz und in der \u201cKleinsten Galerie\u201c in Arneburg. Weiterhin viele Ausstellungsbeteiligungen im In- und Ausland und zahlreiche Katalogver\u00f6ffentlichungen. Langj\u00e4hriges Mitglied des L\u00fctzschenaer K\u00fcnstlerkreises.<\/p>\n<p>&nbsp;<\/p>\n<p><strong>Kontakt<\/strong><br \/>Uwe Moosdorf<br \/>Tel. 0341\/4616048<br \/>Mail: uwe.moosdorf@web.de<\/p>","protected":false},"excerpt":{"rendered":"<p>1953\u00a0 \u00a0 \u00a0 \u00a0 \u00a0 \u00a0 \u00a0 in Leipzig-L\u00fctzschena geboren.1972\u00a0 \u00a0 \u00a0 \u00a0 \u00a0 \u00a0 \u00a0 Abitur.1974-1976\u00a0 \u00a0 Lehre als Drucker.1982-1986\u00a0 \u00a0Studium mit Abschluss als Dipl.-Ing.-\u00d6k.Von 1974-2018 in der Wirtschaft t\u00e4tig. Als eingefleischter Autodidakt waren meine k\u00fcnstlerischen Ambitionen schon im Kindesalter ausgepr\u00e4gt. Ich malte lange G\u00fcterz\u00fcge und Autos und begann in der Schule, meine Klassenkameraden [&hellip;]<\/p>\n","protected":false},"author":1,"featured_media":0,"parent":0,"menu_order":0,"comment_status":"closed","ping_status":"closed","template":"","meta":{"footnotes":""},"class_list":["post-420","page","type-page","status-publish","hentry"],"_links":{"self":[{"href":"https:\/\/luetzschenaer-kuenstlerkreis.de\/index.php?rest_route=\/wp\/v2\/pages\/420","targetHints":{"allow":["GET"]}}],"collection":[{"href":"https:\/\/luetzschenaer-kuenstlerkreis.de\/index.php?rest_route=\/wp\/v2\/pages"}],"about":[{"href":"https:\/\/luetzschenaer-kuenstlerkreis.de\/index.php?rest_route=\/wp\/v2\/types\/page"}],"author":[{"embeddable":true,"href":"https:\/\/luetzschenaer-kuenstlerkreis.de\/index.php?rest_route=\/wp\/v2\/users\/1"}],"replies":[{"embeddable":true,"href":"https:\/\/luetzschenaer-kuenstlerkreis.de\/index.php?rest_route=%2Fwp%2Fv2%2Fcomments&post=420"}],"version-history":[{"count":5,"href":"https:\/\/luetzschenaer-kuenstlerkreis.de\/index.php?rest_route=\/wp\/v2\/pages\/420\/revisions"}],"predecessor-version":[{"id":1260,"href":"https:\/\/luetzschenaer-kuenstlerkreis.de\/index.php?rest_route=\/wp\/v2\/pages\/420\/revisions\/1260"}],"wp:attachment":[{"href":"https:\/\/luetzschenaer-kuenstlerkreis.de\/index.php?rest_route=%2Fwp%2Fv2%2Fmedia&parent=420"}],"curies":[{"name":"wp","href":"https:\/\/api.w.org\/{rel}","templated":true}]}}

<figure class="wp-block-image size-large is-resized"><img loading="lazy" decoding="async" width="768" height="1024" src="https://luetzschenaer-kuenstlerkreis.de/wp-content/uploads/2024/05/P1030343-768x1024.jpg" alt="" class="wp-image-1220" style="width:200px" srcset="https://luetzschenaer-kuenstlerkreis.de/wp-content/uploads/2024/05/P1030343-768x1024.jpg 768w, https://luetzschenaer-kuenstlerkreis.de/wp-content/uploads/2024/05/P1030343-225x300.jpg 225w, https://luetzschenaer-kuenstlerkreis.de/wp-content/uploads/2024/05/P1030343-1152x1536.jpg 1152w, https://luetzschenaer-kuenstlerkreis.de/wp-content/uploads/2024/05/P1030343-1536x2048.jpg 1536w, https://luetzschenaer-kuenstlerkreis.de/wp-content/uploads/2024/05/P1030343-1240x1653.jpg 1240w, https://luetzschenaer-kuenstlerkreis.de/wp-content/uploads/2024/05/P1030343-508x677.jpg 508w, https://luetzschenaer-kuenstlerkreis.de/wp-content/uploads/2024/05/P1030343-scaled.jpg 1920w" sizes="auto, (max-width: 768px) 100vw, 768px" /></figure>


<p>1953              in Leipzig-Lützschena geboren.<br />1972              Abitur.<br />1974-1976    Lehre als Drucker.<br />1982-1986   Studium mit Abschluss als Dipl.-Ing.-Ök.<br />Von 1974-2018 in der Wirtschaft tätig.</p>
<p>Als eingefleischter Autodidakt waren meine künstlerischen Ambitionen schon im Kindesalter ausgeprägt.</p>
<p>Ich malte lange Güterzüge und Autos und begann in der Schule, meine Klassenkameraden zu karikieren. Meine ersten Veröffentlichungen hatte ich 1975 in der Zeitschrift “Volksarmee”. Später kamen zahlreiche Veröffentlichungen in der “Für Dich” und im “Eulenspiegel” dazu. Weiterhin steuerte ich meine Arbeiten zahlreichen Buchprojekten und Kalendern bei.</p>
<p>Seit Anfang der 1980-er Jahre Teilnahme an nationalen und internationalen Cartoonwettbewerben. 1984 Mitwirkung an der “1. Zentralen Karikaturausstellung des bildnerischen Volksschaffens der DDR” in Greiz.</p>
<p>Regelmäßige Beteiligung am Internationalen Cartoonfestival im belgischen Knokke-Heist und Gewinn von drei Preisen, so des Publikumspreises 1993. </p>
<p>Einzelausstellungen unter anderem im Academixer-Keller und in der Moritzbastei in Leipzig, in der Art Kapella Schkeuditz und in der “Kleinsten Galerie“ in Arneburg. Weiterhin viele Ausstellungsbeteiligungen im In- und Ausland und zahlreiche Katalogveröffentlichungen. Langjähriges Mitglied des Lützschenaer Künstlerkreises.</p>
<p>&nbsp;</p>
<p><strong>Kontakt</strong><br />Uwe Moosdorf<br />Tel. 0341/4616048<br />Mail: uwe.moosdorf@web.de</p>

<p>1953              in Leipzig-Lützschena geboren.1972              Abitur.1974-1976    Lehre als Drucker.1982-1986   Studium mit Abschluss als Dipl.-Ing.-Ök.Von 1974-2018 in der Wirtschaft tätig. Als eingefleischter Autodidakt waren meine künstlerischen Ambitionen schon im Kindesalter ausgeprägt. Ich malte lange Güterzüge und Autos und begann in der Schule, meine Klassenkameraden [&hellip;]</p>
