{"id":510,"date":"2026-04-06T17:16:47","date_gmt":"2026-04-06T17:16:47","guid":{"rendered":"http:\/\/luetzschenaer-kuenstlerkreis.de\/?page_id=510"},"modified":"2026-04-06T17:16:47","modified_gmt":"2026-04-06T17:16:47","slug":"regina-brueckner","status":"publish","type":"page","link":"https:\/\/luetzschenaer-kuenstlerkreis.de\/?page_id=510","title":{"rendered":"Regina Br\u00fcckner"},"content":{"rendered":"\n<figure class=\"wp-block-image size-large is-resized\"><img loading=\"lazy\" decoding=\"async\" width=\"1024\" height=\"1024\" src=\"https:\/\/luetzschenaer-kuenstlerkreis.de\/wp-content\/uploads\/2026\/04\/49-179-3917756-20250828_103418_1756370227094-1024x1024.jpg\" alt=\"\" class=\"wp-image-1522\" style=\"width:225px\" srcset=\"https:\/\/luetzschenaer-kuenstlerkreis.de\/wp-content\/uploads\/2026\/04\/49-179-3917756-20250828_103418_1756370227094-1024x1024.jpg 1024w, https:\/\/luetzschenaer-kuenstlerkreis.de\/wp-content\/uploads\/2026\/04\/49-179-3917756-20250828_103418_1756370227094-300x300.jpg 300w, https:\/\/luetzschenaer-kuenstlerkreis.de\/wp-content\/uploads\/2026\/04\/49-179-3917756-20250828_103418_1756370227094-150x150.jpg 150w, https:\/\/luetzschenaer-kuenstlerkreis.de\/wp-content\/uploads\/2026\/04\/49-179-3917756-20250828_103418_1756370227094-768x768.jpg 768w, https:\/\/luetzschenaer-kuenstlerkreis.de\/wp-content\/uploads\/2026\/04\/49-179-3917756-20250828_103418_1756370227094-1536x1536.jpg 1536w, https:\/\/luetzschenaer-kuenstlerkreis.de\/wp-content\/uploads\/2026\/04\/49-179-3917756-20250828_103418_1756370227094-2048x2048.jpg 2048w, https:\/\/luetzschenaer-kuenstlerkreis.de\/wp-content\/uploads\/2026\/04\/49-179-3917756-20250828_103418_1756370227094-1240x1240.jpg 1240w, https:\/\/luetzschenaer-kuenstlerkreis.de\/wp-content\/uploads\/2026\/04\/49-179-3917756-20250828_103418_1756370227094-508x508.jpg 508w\" sizes=\"auto, (max-width: 1024px) 100vw, 1024px\" \/><\/figure>\n\n\n<p>geboren in Leipzig<\/p>\n<p>Gelernte Berufe vor dem Arbeiten mit Ton:<br \/>Technischer Zeichnerin, Maschinenbauingenieurin, Konstrukteurin im Sondermaschinenbau<\/p>\n<p>Seit 1983 arbeite ich mit Ton.<\/p>\n<p>1983 Arbeiten mit Keramik begonnen in eigener Keramikwerkstatt und als selbstst\u00e4ndige Keramikerin und als freischaffende K\u00fcnstlerin t\u00e4tig.<\/p>\n<p>1985 Keramikausbildung \u00fcber einen Elementarlehrgang in Oschatz und nach erfolgreichen Abschluss ein Sonderstudium: \u201eStaatlich anerkannte Spezialschule f\u00fcr Leiter des k\u00fcnstlerischen Volkskunstschaffens Fachgebiet Keramik \u201ean der Bezirkskulturakademie. Abschluss 1989<\/p>\n<p>Seit 1984 gab ich Modellierkurse f\u00fcr Erwachsene und Kinder f\u00fcr frei aufgebaute Keramikgef\u00e4\u00dfe und Plastiken sowie Reliefs<\/p>\n<p>1987 Berufung vom Rat des Kreises Leipzig, Abteilung Kultur zum Mitglied in die Kreisarbeitsgemeinschaft \u201eBildende und angewandte Kunst\u201c<\/p>\n<p>1988 Zulassung als k\u00fcnstlerischer Leiter und anleitende T\u00e4tigkeit k\u00fcnstlerisches Volksschaffen, Branche: Keramik<\/p>\n<p>1988 Gewerbeanmeldung zur Herstellung Keramischer Erzeugnisse<\/p>\n<p>1991\/1992 Weiterbildung an der Abendakademie, Hochschule Graphik und Buchkunst Leipzig, Abt. Plastik, Dozentin Frau Marquart.<\/p>\n<p>Seit 1990 male ich mit Ton auf Papier und sp\u00e4ter auf gerissener Seide.<\/p>\n<p>1992 Lehrt\u00e4tigkeit an der Musik und Kunstschule \u201eOttmar Gerster\u201c Landkreis Leipzig &#8211; Bildende und Angewandte Kunst, Fachbereich Keramik Leider konnte ich von den Keramikarbeiten nicht meinen Lebensunterhalt bestreiten und musste meine Leidenschaft Keramik, in den Nebenberuf verlegen.<\/p>\n<p>1995 Abschluss Studium Bauingenieur<\/p>\n<p>1995 Entwurf f\u00fcr Brunnen \u201eGeben und Nehmen\u201c (Gemeinschaftsarbeit mit Steinbildhauermeister Christian Walter<\/p>\n<p>1998 Selbst\u00e4ndig im eignen Ingenieurb\u00fcro damit konnte ich meine Kreativit\u00e4t ausleben. Ich habe viele Wohnh\u00e4user entworfen und gebaut.<\/p>\n<p>Ich habe drei Brunnenanlagen und Freifl\u00e4chen f\u00fcr den \u00f6ffentlichen Raum geplant und gebaut.<\/p>\n<p>1999 Entwurf und Planung der ca. 20m langen Brunnenanlage Marktplatz B\u00f6hlitz -Ehrenberg, der die historische Entwicklung dieser Gemeinde darstellt.<\/p>\n<p>2000 Teilnahme am Architekturwettbewerb Leipzig :Gestaltung Marktplatz B\u00f6hlitz- Ehrenberg mit Brunnenanlage.<\/p>\n<p>Danach war in der Baubranche die Krise eingetreten.<\/p>\n<p>Deshalb folgte Neuanfang und Weiterbildung.<\/p>\n<p>2005 Abschluss Fachredakteur f\u00fcr Medientechnik, Abschlussarbeit Werbevideo f\u00fcr Porsche Leipzig<\/p>\n<p>Parallel habe ich meine keramischen und malerischen Arbeiten fortgef\u00fchrt.<\/p>\n<p>2012 Leitung Kinderganztagskurs Modellierkurs Keramik in der Schule Markranst\u00e4dt.<\/p>\n<p>Ich nahm parallel an diversen Weiterbildungen\/Workshops und Kursen teil und arbeitete zeitweise in meiner Werkstatt im Nebenerwerb.<\/p>\n<p>Beispiele Weiterbildung:<br \/>Drehen an der T\u00f6pferscheibe bei: Hildegard Oelke, T\u00f6pferei Joachim Jung, Ceramique de la Gare bei Georg Kr\u00fcger in Bannstein\/Frankreich, T\u00f6pferei Tauscher in Waldenburg, T\u00f6pferei K\u00fcmmelsch\u00e4nke Omsewitz\/Dresden bei Gunter Neustadt, Porzellan drehen bei Frau Armbruster in N\u00fcrthingen,<\/p>\n<p>Bronzekurs im K\u00fcnstlergut Pr\u00f6sitz 2015 mit eigenem Tonmodell,<\/p>\n<p>Zweimal j\u00e4hrlich Symposium Raku und drehen bei Hildegard Oelke in Buskow oder in meiner Werkstatt in Leipzig<\/p>\n<p>2016 Neustart hauptberuflich Keramikerin. Seit 2020 Mitglied des K\u00fcnstlervereins L\u00fctzschena \/ Leipzig mit einer Jahresausstellung<\/p>\n<p>2021 wurde ich von Porzellanikum in Selb delegiert, zur Sommerscool Faenza im Labor des Museums Internationale Keramik (MIC)des im Rahmen des internationalen und von der EU gef\u00f6rderten Ceer Dee Projektes.<\/p>\n<p>2022 Weiterbildung: Herstellen von Kristallglasuren in der Schweiz bei Jose\u00b4 Maricel<\/p>\n<p>Seit 2022 leite ich wieder Keramikworkshops Aktuell arbeite ich an dem Thema : \u201eNarrative\u201c.<br \/>Dabei entstehen ausdrucksvolle Skulpturen als Narrenfiguren, die in eine Gesamtinstallation flie\u00dfen Parallel dazu, stelle ich Gef\u00e4\u00dfe mit eigener entwickelter Kristallglasur her.<\/p>\n<p>Meine unterschiedliche Kunst wie Keramiken, Skulpturen und Bilder zeige ich in meiner eigenen Galerieneben meiner Werkstatt.<\/p>\n<p>Ausstellungen :<br \/>1985 Kreisausstellung bildnerisches Volksschaffen ehemals Agra Leipzig<br \/>1989 Reformierte Kirche Ausstellung: Plastik Lebensraum<br \/>1990 Ausstellung Landratsamt Landkreis Leipzig<br \/>1991 April und Dezember Ausstellung im Landratsamt Leipzig Tr\u00f6nlinring<br \/>1992 Ausstellung Frauen Kunst und Politik in Buchen Baden-W\u00fcrtemberg<br \/>1993 Gemeinschaftsausstellung in Prien am Chiemsee er\u00f6ffnet von dem damaligen Ministerpr\u00e4sidenten Kurt Biedenkopf<br \/>1993 Auftrag Gemeinde Flachrelief Stadtsilhouette B\u00f6hlitz-Ehrenberg<br \/>1994 Entwurf f\u00fcr Brunnen f\u00fcr neuerbautes Kulturhaus \u201eGro\u00dfe Eiche\u201c<br \/>1995 Ausstellung \u201eNatur Art\u201c Arbeiten aus Stein und Ton sowie Malerei im neuen Soziokulturellen Zentrum B\u00f6hlitz-Ehrenberg<br \/>1999 Projektierung und Kunst am Bau:Brunnenanlage Marktplatz einschlie\u00dflich Marktplatzplanung und Technik<br \/>2003 Einzelausstellung Bilder im Wirtschaftsministerium Sachsen Anhalt,<\/p>\n<p>Organisation: Galerie Kleinschmidt in Magdeburg<\/p>\n<p>2006 Mai, Ausstellung von Keramik, Installation und Bild in der Gallery of Modern Art im Nova Eventis Leipzig<\/p>\n<p>Ich pr\u00e4sentierte meine Arbeiten zwischenzeitlich auf Ausstellungen und diversen M\u00e4rkten.<\/p>\n<p>2018 Eigene Freiluft Vernissage in Atelier und Garten Einzelausstellung meiner Werke<\/p>\n<p>2020 Teilnahme an Bildungsreise Kreativtour nach \u00d6sterreich mit Sachsens Staatsminister Dullig, Kennenlernen der Kreativszene von Wien bis Linz.<\/p>\n<p>2021 Teilnahme Jahresausstellung L\u00fctzschenaer K\u00fcnstlerkreis<\/p>\n<p>2021 Objekt-Ausstellung im Internationalen Keramikmuseum ( MIC) in Faenza \/Italien<\/p>\n<p>2022 Ausstellung im Porzellanmuseum Selb<\/p>\n<p>2021 Freiluftgalerie und Ausstellung im Atelier Keramikstudio Regina Br\u00fcckner<\/p>\n<p>2022 bis 2024 Beteiligung an der Jahresausstellung und diversen Ausstellungen im Rahmen des L\u00fctzschenaer K\u00fcnstlerkreises, z.B.im Schloss Altranst\u00e4dt, im Bismarkturm<\/p>\n<p>J\u00e4hrliche Freiluftgalerie im Garten und Keramikausstellung und Weihnachtsverkauf im Atelier<\/p>\n<p>2025 Teilnahme an den Europ\u00e4ischen Tagen des Kunsthandwerkes<\/p>\n<p>2025 Teilnahme Kunstmarkt Pirna<\/p>\n<p>2025 Teilnahme an der Jahresausstellung des L\u00fctzschenaer K\u00fcnstlerkreises im Marstall<\/p>\n<p>2025 Teilnahme an der Nacht der Kunst und am Pleinair Malen im Gohliser Schl\u00f6sschen in Leipzig<\/p>\n<p>2025 Kunstmarkt Wurzen mit Keramik, Skulptur und Malerei<br \/><br \/><\/p>\n<p><strong>Kontakt<\/strong><br \/>Keramikstudio Regina Br\u00fcckner<br \/>Kastanienallee 114, 04178 Leipzig<br \/>Tel. 0341\/4420280<br \/>www.regina-keramikkunst.de<br \/>Instagram: keramikstudio_gina<br \/>Mail: regina.keramikkunst@gmail.com<\/p>","protected":false},"excerpt":{"rendered":"<p>geboren in Leipzig Gelernte Berufe vor dem Arbeiten mit Ton:Technischer Zeichnerin, Maschinenbauingenieurin, Konstrukteurin im Sondermaschinenbau Seit 1983 arbeite ich mit Ton. 1983 Arbeiten mit Keramik begonnen in eigener Keramikwerkstatt und als selbstst\u00e4ndige Keramikerin und als freischaffende K\u00fcnstlerin t\u00e4tig. 1985 Keramikausbildung \u00fcber einen Elementarlehrgang in Oschatz und nach erfolgreichen Abschluss ein Sonderstudium: \u201eStaatlich anerkannte Spezialschule f\u00fcr [&hellip;]<\/p>\n","protected":false},"author":1,"featured_media":0,"parent":0,"menu_order":0,"comment_status":"closed","ping_status":"closed","template":"","meta":{"footnotes":""},"class_list":["post-510","page","type-page","status-publish","hentry"],"_links":{"self":[{"href":"https:\/\/luetzschenaer-kuenstlerkreis.de\/index.php?rest_route=\/wp\/v2\/pages\/510","targetHints":{"allow":["GET"]}}],"collection":[{"href":"https:\/\/luetzschenaer-kuenstlerkreis.de\/index.php?rest_route=\/wp\/v2\/pages"}],"about":[{"href":"https:\/\/luetzschenaer-kuenstlerkreis.de\/index.php?rest_route=\/wp\/v2\/types\/page"}],"author":[{"embeddable":true,"href":"https:\/\/luetzschenaer-kuenstlerkreis.de\/index.php?rest_route=\/wp\/v2\/users\/1"}],"replies":[{"embeddable":true,"href":"https:\/\/luetzschenaer-kuenstlerkreis.de\/index.php?rest_route=%2Fwp%2Fv2%2Fcomments&post=510"}],"version-history":[{"count":10,"href":"https:\/\/luetzschenaer-kuenstlerkreis.de\/index.php?rest_route=\/wp\/v2\/pages\/510\/revisions"}],"predecessor-version":[{"id":1526,"href":"https:\/\/luetzschenaer-kuenstlerkreis.de\/index.php?rest_route=\/wp\/v2\/pages\/510\/revisions\/1526"}],"wp:attachment":[{"href":"https:\/\/luetzschenaer-kuenstlerkreis.de\/index.php?rest_route=%2Fwp%2Fv2%2Fmedia&parent=510"}],"curies":[{"name":"wp","href":"https:\/\/api.w.org\/{rel}","templated":true}]}}

Regina Brückner

<figure class="wp-block-image size-large is-resized"><img loading="lazy" decoding="async" width="1024" height="1024" src="https://luetzschenaer-kuenstlerkreis.de/wp-content/uploads/2026/04/49-179-3917756-20250828_103418_1756370227094-1024x1024.jpg" alt="" class="wp-image-1522" style="width:225px" srcset="https://luetzschenaer-kuenstlerkreis.de/wp-content/uploads/2026/04/49-179-3917756-20250828_103418_1756370227094-1024x1024.jpg 1024w, https://luetzschenaer-kuenstlerkreis.de/wp-content/uploads/2026/04/49-179-3917756-20250828_103418_1756370227094-300x300.jpg 300w, https://luetzschenaer-kuenstlerkreis.de/wp-content/uploads/2026/04/49-179-3917756-20250828_103418_1756370227094-150x150.jpg 150w, https://luetzschenaer-kuenstlerkreis.de/wp-content/uploads/2026/04/49-179-3917756-20250828_103418_1756370227094-768x768.jpg 768w, https://luetzschenaer-kuenstlerkreis.de/wp-content/uploads/2026/04/49-179-3917756-20250828_103418_1756370227094-1536x1536.jpg 1536w, https://luetzschenaer-kuenstlerkreis.de/wp-content/uploads/2026/04/49-179-3917756-20250828_103418_1756370227094-2048x2048.jpg 2048w, https://luetzschenaer-kuenstlerkreis.de/wp-content/uploads/2026/04/49-179-3917756-20250828_103418_1756370227094-1240x1240.jpg 1240w, https://luetzschenaer-kuenstlerkreis.de/wp-content/uploads/2026/04/49-179-3917756-20250828_103418_1756370227094-508x508.jpg 508w" sizes="auto, (max-width: 1024px) 100vw, 1024px" /></figure>


<p>geboren in Leipzig</p>
<p>Gelernte Berufe vor dem Arbeiten mit Ton:<br />Technischer Zeichnerin, Maschinenbauingenieurin, Konstrukteurin im Sondermaschinenbau</p>
<p>Seit 1983 arbeite ich mit Ton.</p>
<p>1983 Arbeiten mit Keramik begonnen in eigener Keramikwerkstatt und als selbstständige Keramikerin und als freischaffende Künstlerin tätig.</p>
<p>1985 Keramikausbildung über einen Elementarlehrgang in Oschatz und nach erfolgreichen Abschluss ein Sonderstudium: „Staatlich anerkannte Spezialschule für Leiter des künstlerischen Volkskunstschaffens Fachgebiet Keramik „an der Bezirkskulturakademie. Abschluss 1989</p>
<p>Seit 1984 gab ich Modellierkurse für Erwachsene und Kinder für frei aufgebaute Keramikgefäße und Plastiken sowie Reliefs</p>
<p>1987 Berufung vom Rat des Kreises Leipzig, Abteilung Kultur zum Mitglied in die Kreisarbeitsgemeinschaft „Bildende und angewandte Kunst“</p>
<p>1988 Zulassung als künstlerischer Leiter und anleitende Tätigkeit künstlerisches Volksschaffen, Branche: Keramik</p>
<p>1988 Gewerbeanmeldung zur Herstellung Keramischer Erzeugnisse</p>
<p>1991/1992 Weiterbildung an der Abendakademie, Hochschule Graphik und Buchkunst Leipzig, Abt. Plastik, Dozentin Frau Marquart.</p>
<p>Seit 1990 male ich mit Ton auf Papier und später auf gerissener Seide.</p>
<p>1992 Lehrtätigkeit an der Musik und Kunstschule „Ottmar Gerster“ Landkreis Leipzig &#8211; Bildende und Angewandte Kunst, Fachbereich Keramik Leider konnte ich von den Keramikarbeiten nicht meinen Lebensunterhalt bestreiten und musste meine Leidenschaft Keramik, in den Nebenberuf verlegen.</p>
<p>1995 Abschluss Studium Bauingenieur</p>
<p>1995 Entwurf für Brunnen „Geben und Nehmen“ (Gemeinschaftsarbeit mit Steinbildhauermeister Christian Walter</p>
<p>1998 Selbständig im eignen Ingenieurbüro damit konnte ich meine Kreativität ausleben. Ich habe viele Wohnhäuser entworfen und gebaut.</p>
<p>Ich habe drei Brunnenanlagen und Freiflächen für den öffentlichen Raum geplant und gebaut.</p>
<p>1999 Entwurf und Planung der ca. 20m langen Brunnenanlage Marktplatz Böhlitz -Ehrenberg, der die historische Entwicklung dieser Gemeinde darstellt.</p>
<p>2000 Teilnahme am Architekturwettbewerb Leipzig :Gestaltung Marktplatz Böhlitz- Ehrenberg mit Brunnenanlage.</p>
<p>Danach war in der Baubranche die Krise eingetreten.</p>
<p>Deshalb folgte Neuanfang und Weiterbildung.</p>
<p>2005 Abschluss Fachredakteur für Medientechnik, Abschlussarbeit Werbevideo für Porsche Leipzig</p>
<p>Parallel habe ich meine keramischen und malerischen Arbeiten fortgeführt.</p>
<p>2012 Leitung Kinderganztagskurs Modellierkurs Keramik in der Schule Markranstädt.</p>
<p>Ich nahm parallel an diversen Weiterbildungen/Workshops und Kursen teil und arbeitete zeitweise in meiner Werkstatt im Nebenerwerb.</p>
<p>Beispiele Weiterbildung:<br />Drehen an der Töpferscheibe bei: Hildegard Oelke, Töpferei Joachim Jung, Ceramique de la Gare bei Georg Krüger in Bannstein/Frankreich, Töpferei Tauscher in Waldenburg, Töpferei Kümmelschänke Omsewitz/Dresden bei Gunter Neustadt, Porzellan drehen bei Frau Armbruster in Nürthingen,</p>
<p>Bronzekurs im Künstlergut Prösitz 2015 mit eigenem Tonmodell,</p>
<p>Zweimal jährlich Symposium Raku und drehen bei Hildegard Oelke in Buskow oder in meiner Werkstatt in Leipzig</p>
<p>2016 Neustart hauptberuflich Keramikerin. Seit 2020 Mitglied des Künstlervereins Lützschena / Leipzig mit einer Jahresausstellung</p>
<p>2021 wurde ich von Porzellanikum in Selb delegiert, zur Sommerscool Faenza im Labor des Museums Internationale Keramik (MIC)des im Rahmen des internationalen und von der EU geförderten Ceer Dee Projektes.</p>
<p>2022 Weiterbildung: Herstellen von Kristallglasuren in der Schweiz bei Jose´ Maricel</p>
<p>Seit 2022 leite ich wieder Keramikworkshops Aktuell arbeite ich an dem Thema : „Narrative“.<br />Dabei entstehen ausdrucksvolle Skulpturen als Narrenfiguren, die in eine Gesamtinstallation fließen Parallel dazu, stelle ich Gefäße mit eigener entwickelter Kristallglasur her.</p>
<p>Meine unterschiedliche Kunst wie Keramiken, Skulpturen und Bilder zeige ich in meiner eigenen Galerieneben meiner Werkstatt.</p>
<p>Ausstellungen :<br />1985 Kreisausstellung bildnerisches Volksschaffen ehemals Agra Leipzig<br />1989 Reformierte Kirche Ausstellung: Plastik Lebensraum<br />1990 Ausstellung Landratsamt Landkreis Leipzig<br />1991 April und Dezember Ausstellung im Landratsamt Leipzig Trönlinring<br />1992 Ausstellung Frauen Kunst und Politik in Buchen Baden-Würtemberg<br />1993 Gemeinschaftsausstellung in Prien am Chiemsee eröffnet von dem damaligen Ministerpräsidenten Kurt Biedenkopf<br />1993 Auftrag Gemeinde Flachrelief Stadtsilhouette Böhlitz-Ehrenberg<br />1994 Entwurf für Brunnen für neuerbautes Kulturhaus „Große Eiche“<br />1995 Ausstellung „Natur Art“ Arbeiten aus Stein und Ton sowie Malerei im neuen Soziokulturellen Zentrum Böhlitz-Ehrenberg<br />1999 Projektierung und Kunst am Bau:Brunnenanlage Marktplatz einschließlich Marktplatzplanung und Technik<br />2003 Einzelausstellung Bilder im Wirtschaftsministerium Sachsen Anhalt,</p>
<p>Organisation: Galerie Kleinschmidt in Magdeburg</p>
<p>2006 Mai, Ausstellung von Keramik, Installation und Bild in der Gallery of Modern Art im Nova Eventis Leipzig</p>
<p>Ich präsentierte meine Arbeiten zwischenzeitlich auf Ausstellungen und diversen Märkten.</p>
<p>2018 Eigene Freiluft Vernissage in Atelier und Garten Einzelausstellung meiner Werke</p>
<p>2020 Teilnahme an Bildungsreise Kreativtour nach Österreich mit Sachsens Staatsminister Dullig, Kennenlernen der Kreativszene von Wien bis Linz.</p>
<p>2021 Teilnahme Jahresausstellung Lützschenaer Künstlerkreis</p>
<p>2021 Objekt-Ausstellung im Internationalen Keramikmuseum ( MIC) in Faenza /Italien</p>
<p>2022 Ausstellung im Porzellanmuseum Selb</p>
<p>2021 Freiluftgalerie und Ausstellung im Atelier Keramikstudio Regina Brückner</p>
<p>2022 bis 2024 Beteiligung an der Jahresausstellung und diversen Ausstellungen im Rahmen des Lützschenaer Künstlerkreises, z.B.im Schloss Altranstädt, im Bismarkturm</p>
<p>Jährliche Freiluftgalerie im Garten und Keramikausstellung und Weihnachtsverkauf im Atelier</p>
<p>2025 Teilnahme an den Europäischen Tagen des Kunsthandwerkes</p>
<p>2025 Teilnahme Kunstmarkt Pirna</p>
<p>2025 Teilnahme an der Jahresausstellung des Lützschenaer Künstlerkreises im Marstall</p>
<p>2025 Teilnahme an der Nacht der Kunst und am Pleinair Malen im Gohliser Schlösschen in Leipzig</p>
<p>2025 Kunstmarkt Wurzen mit Keramik, Skulptur und Malerei<br /><br /></p>
<p><strong>Kontakt</strong><br />Keramikstudio Regina Brückner<br />Kastanienallee 114, 04178 Leipzig<br />Tel. 0341/4420280<br />www.regina-keramikkunst.de<br />Instagram: keramikstudio_gina<br />Mail: regina.keramikkunst@gmail.com</p>

<p>geboren in Leipzig Gelernte Berufe vor dem Arbeiten mit Ton:Technischer Zeichnerin, Maschinenbauingenieurin, Konstrukteurin im Sondermaschinenbau Seit 1983 arbeite ich mit Ton. 1983 Arbeiten mit Keramik begonnen in eigener Keramikwerkstatt und als selbstständige Keramikerin und als freischaffende Künstlerin tätig. 1985 Keramikausbildung über einen Elementarlehrgang in Oschatz und nach erfolgreichen Abschluss ein Sonderstudium: „Staatlich anerkannte Spezialschule für [&hellip;]</p>
